40 = 0. Suppose 0 = -2*w - 3*p + 42 - 0, -w + n*p = -34. Calculate the highest common divisor of w and 6.
6
Let i = 346 + -244. Let d = -66 + i. What is the highest common factor of d and 12?
12
Suppose -5*x + 2*r = -29 - 99, 3*x - 92 = 5*r. Let u = 42 - x. What is the greatest common divisor of 2 and u?
2
Let y = 16 - 10. Suppose 4*i - 2*q + y*q - 140 = 0, 4*i + 3*q - 140 = 0. Calculate the highest common factor of 5 and i.
5
Suppose -338 = -14*l + 726. What is the greatest common factor of l and 513?
19
Let g(o) = -o**3 - 10*o**2 + 22*o + 3. Let y be g(-12). Suppose -7*z + y*z - 320 = 0. Calculate the greatest common factor of 64 and z.
16
Let i(v) = v**2 - 4*v + 37. Let o be i(12). Calculate the highest common factor of o and 28.
7
Suppose 26 = 2*y + 2. Let l be y*3*(-6)/27. Let h be l/36 - 130/(-18). What is the greatest common factor of 70 and h?
7
Let i(k) = k**2 + 3*k. Let t be i(-2). Let a be 9 + 3/((-3)/t). What is the highest common factor of 11 and a?
11
Let j be 12*(-5)/(-8)*(-2 - -24). Suppose 4*a = -a + j. Calculate the greatest common divisor of a and 264.
33
Let x(y) = 2*y**2 - 11*y + 28. Let m be x(4). Suppose -4*s = 0, -v - 8 = -3*v + 2*s. Calculate the greatest common factor of v and m.
4
Let a = -16 - -52. Let y be 515/20 - 13/(416/56). What is the greatest common factor of a and y?
12
Let y(v) = v**3 - 8*v**2 - 9*v + 11. Let k be 0 - 3/(15/(-40)). Suppose -2*j = -k - 10. Let w be y(j). Calculate the highest common divisor of w and 121.
11
Let y be (7 - 11)/(8/(-6)). What is the highest common factor of 3 and y?
3
Let f(r) = r**3 + 11*r**2 - 8*r + 64. Let m be f(-12). Suppose 48 = 3*c - 2*c. Calculate the highest common factor of m and c.
16
Let w(t) = -91*t - 1. Let v = -66 + 65. Let n be w(v). Calculate the highest common divisor of 15 and n.
15
Let n = -14 + 79. Suppose -2*o + 7*o = n. Calculate the greatest common divisor of 13 and o.
13
Let a = -63 + 546. What is the highest common divisor of a and 21?
21
Let g be (553/(-4))/(-7) + 1/4. Let r be 2/(-3) + 1084/6. What is the highest common factor of r and g?
20
Suppose 0*c + 180 = c - 2*f, -5*f - 900 = -5*c. Suppose 6537*x = 6541*x - 120. What is the greatest common factor of c and x?
30
Suppose -111 = -5*o - 3*y, -84 = -3*o + 5*y - y. Let u(k) = -k**3 + 24*k**2 + 2*k - 18. Let h be u(o). What is the greatest common divisor of 30 and h?
30
Suppose 0 = -2*n - 2, 4*w + w = 2*n + 1242. Calculate the highest common divisor of w and 16.
8
Let n be 45/(-21) + 2 - (-8964)/28. Suppose 0*q + n = 2*q. What is the highest common factor of 20 and q?
20
Let k(p) = 19*p**3 - 2*p**2 + 2*p - 1. Let t be k(1). Suppose 0 = -4*y + t + 30. Calculate the greatest common divisor of 12 and y.
12
Let g(f) = -f**2 - 9*f - 9. Let w be g(-7). Suppose -w*b = -2*b - 66. Let o be 1 + 7/1 + 3. What is the highest common divisor of o and b?
11
Let g(v) = -v**3 + 9*v**2 - 6*v - 9. Let n = 29 - 21. Let a be g(n). Suppose 6*s - a*s + 42 = 0. Calculate the greatest common factor of s and 6.
6
Suppose -5283 = -5*f - 5*j + 2937, j - 6585 = -4*f. What is the greatest common factor of 9 and f?
9
Suppose l = 2*z + 14 - 63, -4*l = -5*z + 124. Calculate the highest common factor of z and 27.
3
Let k = -61 + 36. Let y = k - -37. Let v = 198 - 114. Calculate the greatest common divisor of v and y.
12
Suppose -5*i + 20*i - 9420 = 0. Let p = i - 342. Let j(z) = z**3 + 8*z**2 + 7*z - 4. Let v be j(-6). Calculate the highest common divisor of v and p.
26
Let r = 33 - 25. Let l(h) = h**3 - 3*h**2 + 2*h. Let n be l(3). Let c be 4/(-6) + 484/n. Calculate the greatest common factor of c and r.
8
Let w(g) = -12*g + 98. Let r be w(12). Suppose 2*y - k + 68 = -0*k, 5*k = -2*y - 44. Let n = y - r. Calculate the greatest common factor of 14 and n.
14
Suppose 9*x + 4*z = 13*x + 48, 0 = 3*z. Let b be (63/x - -3)/(6/(-16)). Calculate the greatest common divisor of 18 and b.
6
Let s be 4 + (0 - (3 - 0)). Let l be 262/(1 - -2 - s). Suppose 3*n = -5*k + 84 + l, -4*k - 3*n + 175 = 0. Calculate the highest common divisor of k and 10.
10
Let w(f) be the third derivative of f**6/120 + 3*f**5/20 + 7*f**4/24 - 10*f**2. Let h be w(-8). What is the highest common factor of 1 and h?
1
Let n(r) = -2*r - 7. Let z be n(-5). Suppose z*b - 140 = -4*b. What is the highest common factor of b and 5?
5
Suppose 0*m - 3*g = -m + 6, -12 = -2*m + 3*g. Suppose 7 = -0*d + d + 2*q, 4*d + 27 = 3*q. Let z be 1/(d/18)*-7. What is the greatest common factor of m and z?
6
Let h be 1610/50 + 2/(-10). Suppose 5*w - 28 = h. Let p be ((-64)/(-20))/((-4)/(-10)). What is the greatest common divisor of w and p?
4
Let o be 3/(-5*2/(-10)). Suppose z - 18 = o*z. Let k(u) = -u**2 - 11*u - 13. Let i be k(z). What is the highest common divisor of 20 and i?
5
Let x be (-1)/(-1) - (-40)/2. Suppose 5*d = -2*l - 21, 2*l + 0*l + 2*d + 6 = 0. Suppose -l*n - 3*n + 35 = 0. Calculate the greatest common factor of n and x.
7
Let b(a) = -82*a - 216. Let c be b(-4). Calculate the greatest common divisor of 1512 and c.
56
Suppose -22*d = -18*d - 32. Suppose 3*k = 4*p - 43, 3*k = -p + 2*p - 13. Calculate the highest common divisor of d and p.
2
Suppose -5*w + 57 = -2*s, s + 2*s - 5*w + 83 = 0. Let i be (-120)/6*(s/8 + -2). Calculate the highest common divisor of 35 and i.
35
Let u(w) = 2*w**3 - 5*w**2 - 6*w - 5. Let i = -45 + 50. Let b be u(i). Calculate the greatest common divisor of b and 18.
18
Let w be 208/3*(-270)/(-36). Calculate the greatest common factor of 312 and w.
104
Let h(c) = -c - 1. Let s(z) = -z**2 - 5*z - 11. Let x(w) = h(w) - s(w). Let d be x(-5). Suppose 224 = 5*a - 151. What is the greatest common divisor of a and d?
15
Let z(k) = -k**3 - 17*k**2 + 3*k + 151. Let c be z(-17). What is the greatest common divisor of 340 and c?
20
Suppose -b - 95 = -6*b. Let o be (-2)/7 - b/7. Let n be (o - 9/7)*-7. Calculate the highest common divisor of n and 20.
10
Let b = -29 - -79. Let r = 405 + -1405. Let s be ((-3)/2)/(12/r). Calculate the greatest common factor of s and b.
25
Let q be (-2)/(-7) + (-2)/7. Let v(a) = a**2 + 7*a + 10. Let g be v(-6). Suppose g*j + q - 4 = 0. What is the highest common divisor of 7 and j?
1
Let j = -198 + 302. Suppose -3*p - 174 = 2*c - 221, 3*p + c = 43. Calculate the greatest common divisor of j and p.
13
Let b(y) = -3*y**2 - 44 - 2*y + 9 + 2*y**2 + 33*y. Let m be b(29). What is the highest common divisor of 23 and m?
23
Let r(v) be the first derivative of -59*v + 10*v**2 + 59*v + 4. Let m be r(2). Calculate the greatest common divisor of m and 8.
8
Suppose -4*m + 0*c = -2*c - 1056, -3*m + 792 = 3*c. What is the greatest common factor of 33 and m?
33
Suppose -102 = -6*d - 90. Suppose 3*u + 2*u = -5*j + 345, 4*j - 270 = d*u. What is the greatest common divisor of 17 and j?
17
Let k = 7 - -6. Suppose 99 = 4*s - k. Calculate the greatest common factor of 42 and s.
14
Let b(m) = -6*m - 16. Let f be b(-6). Let x be 155/(-15) - (-4)/(-6). Let l be (-3 - x/2)*2. What is the greatest common factor of l and f?
5
Let m be (-112)/20*(-55)/(-2). Let k = -94 - m. What is the greatest common divisor of k and 90?
30
Let f(n) = -7*n**2 - 88*n - 39. Let a be f(-12). Suppose -3*b - 4*l = -36, -4 - 8 = -b - 3*l. Calculate the highest common divisor of b and a.
3
Let m = -20 - -25. Suppose m*x = 5*k + 460, k - 43 = -4*x + 320. What is the greatest common divisor of 13 and x?
13
Let a(j) = -21*j - 411. Let v be a(-63). Calculate the greatest common factor of 399 and v.
57
Suppose 0 = -i + 2*k + 9, -2*k + 8 - 23 = 5*i. Let l be 250/60 - i/(-6). What is the greatest common divisor of 4 and l?
4
Let s = 30 + -14. Let w be (6/7)/((-6)/(-21)). Suppose 6 = -2*a + 5*z, -6*a + w*a = 4*z - 14. What is the greatest common factor of s and a?
2
Suppose 3*f + 2*f + 15 = 0, 3*x = 5*f + 60. Let m = -5 - -11. Suppose 4*a + 4 = 0, a = 2*t - m*t + 59. What is the highest common divisor of t and x?
15
Let y(l) = -20*l - 19. Let t be y(-2). Calculate the greatest common factor of t and 21.
21
Suppose 0 = -2*d - 4*w + 4 + 30, w - 40 = -4*d. Suppose r - 10 = -2*c + 7, -3*r - 48 = -5*c. What is the highest common divisor of c and d?
9
Suppose t + 7 = -c, 5*c - 4*t - t + 35 = 0. Let r(i) = -i - 2. Let g be r(c). Suppose g*p + 73 - 353 = 0. Calculate the greatest common factor of p and 14